{"id":209,"date":"2023-09-20T13:47:02","date_gmt":"2023-09-20T17:47:02","guid":{"rendered":"https:\/\/businesstechnologyteam.com\/?post_type=product&#038;p=209"},"modified":"2024-06-30T14:22:52","modified_gmt":"2024-06-30T18:22:52","slug":"asesoria-erps","status":"publish","type":"product","link":"https:\/\/businesstechnologyteam.com\/index.php\/product\/asesoria-erps\/","title":{"rendered":"Asesor\u00eda ERP&#8217;S"},"content":{"rendered":"<p>Nuestra Asesor\u00eda ERP (Enterprise Resource Planning) implica proporcionamos orientaci\u00f3n y apoyo a una organizaci\u00f3n en relaci\u00f3n con nuestro sistema de planificaci\u00f3n de recursos empresariales. En la asesor\u00eda de ERP abordamos una variedad de \u00e1reas y desaf\u00edos relacionados con la implementaci\u00f3n, uso y optimizaci\u00f3n del sistema ERP. A continuaci\u00f3n, describimos actividades y \u00e1reas clave que abordamos en una asesor\u00eda de ERP:<\/p>\n<ul>\n<li>Evaluaci\u00f3n de necesidades:\n<ul>\n<li>Comprendemos las necesidades espec\u00edficas de la organizaci\u00f3n en t\u00e9rminos de gesti\u00f3n de procesos, informaci\u00f3n y recursos.<\/li>\n<li>Identificamos los objetivos y metas comerciales que se desean lograr con el sistema ERP.<\/li>\n<\/ul>\n<\/li>\n<li>Selecci\u00f3n de ERP:\n<ul>\n<li>Ayudamos a la organizaci\u00f3n a seleccionar el sistema ERP adecuado que se adapte a sus necesidades y presupuesto.<\/li>\n<li>Realizamos an\u00e1lisis comparativos de diferentes soluciones ERP disponibles en el mercado.<\/li>\n<\/ul>\n<\/li>\n<li>Implementaci\u00f3n del ERP:\n<ul>\n<li>Planificamos y gestionar la implementaci\u00f3n del sistema ERP, que incluye la instalaci\u00f3n, configuraci\u00f3n y migraci\u00f3n de datos.<\/li>\n<li>Definimos roles y responsabilidades del equipo de implementaci\u00f3n.<\/li>\n<\/ul>\n<\/li>\n<li>Personalizaci\u00f3n y configuraci\u00f3n:\n<ul>\n<li>Adaptamos el sistema ERP para que se ajuste a los procesos y requisitos espec\u00edficos de la organizaci\u00f3n.<\/li>\n<li>Configuramos flujos de trabajo, formularios y campos personalizados seg\u00fan sea necesario.<\/li>\n<\/ul>\n<\/li>\n<li>Capacitaci\u00f3n:\n<ul>\n<li>Proporcionamos formaci\u00f3n a los usuarios finales para que puedan utilizar el sistema ERP de manera efectiva.<\/li>\n<li>Entrenamos al personal de TI y a los administradores del sistema en la gesti\u00f3n y mantenimiento del ERP.<\/li>\n<\/ul>\n<\/li>\n<li>Integraci\u00f3n de sistemas:\n<ul>\n<li>Integramos el ERP con otros sistemas existentes en la organizaci\u00f3n, como sistemas de contabilidad, CRM o gesti\u00f3n de inventarios.<\/li>\n<\/ul>\n<\/li>\n<li>Gesti\u00f3n de cambios:\n<ul>\n<li>Desarrollamos estrategias de gesti\u00f3n de cambios para ayudar a la organizaci\u00f3n a adaptarse a la nueva forma de trabajar con el ERP.<\/li>\n<li>Comunicamos de manera efectiva los cambios y el prop\u00f3sito del sistema ERP a los empleados.<\/li>\n<\/ul>\n<\/li>\n<li>Soporte y mantenimiento:\n<ul>\n<li>Proporcionamos soporte continuo para solucionar problemas, responder a preguntas y realizar actualizaciones y parches del sistema.<\/li>\n<li>Monitoreamos el rendimiento del ERP y realizar ajustes seg\u00fan sea necesario.<\/li>\n<\/ul>\n<\/li>\n<li>Optimizaci\u00f3n y mejoras:\n<ul>\n<li>Identificamos oportunidades de mejora en la utilizaci\u00f3n del ERP.<\/li>\n<li>Realizamos an\u00e1lisis y ajustes peri\u00f3dicos para mejorar la eficiencia y la productividad.<\/li>\n<\/ul>\n<\/li>\n<li>Cumplimiento de normativas y regulaciones:\n<ul>\n<li>Asegurarmos de que el sistema ERP cumple con las regulaciones y requisitos legales aplicables, como la protecci\u00f3n de datos y la contabilidad.<\/li>\n<\/ul>\n<\/li>\n<li>Evaluaci\u00f3n de resultados:\n<ul>\n<li>Realizamos evaluaciones peri\u00f3dicas de la implementaci\u00f3n del ERP para asegurarse de que se est\u00e1n alcanzando los objetivos comerciales.<\/li>\n<\/ul>\n<\/li>\n<\/ul>\n","protected":false},"excerpt":{"rendered":"<p>En la Asesor\u00eda ERP abordamos una variedad de \u00e1reas y desaf\u00edos relacionados con la implementaci\u00f3n, uso y optimizaci\u00f3n del sistema ERP<\/p>\n","protected":false},"featured_media":6233,"comment_status":"closed","ping_status":"closed","template":"","meta":{"om_disable_all_campaigns":false,"_monsterinsights_skip_tracking":false,"_monsterinsights_sitenote_active":false,"_monsterinsights_sitenote_note":"","_monsterinsights_sitenote_category":0},"product_cat":[33],"product_tag":[],"class_list":["post-209","product","type-product","status-publish","has-post-thumbnail","hentry","product_cat-asesorias"],"aioseo_notices":[],"jetpack_sharing_enabled":true,"_links":{"self":[{"href":"https:\/\/businesstechnologyteam.com\/index.php\/wp-json\/wp\/v2\/product\/209"}],"collection":[{"href":"https:\/\/businesstechnologyteam.com\/index.php\/wp-json\/wp\/v2\/product"}],"about":[{"href":"https:\/\/businesstechnologyteam.com\/index.php\/wp-json\/wp\/v2\/types\/product"}],"replies":[{"embeddable":true,"href":"https:\/\/businesstechnologyteam.com\/index.php\/wp-json\/wp\/v2\/comments?post=209"}],"wp:featuredmedia":[{"embeddable":true,"href":"https:\/\/businesstechnologyteam.com\/index.php\/wp-json\/wp\/v2\/media\/6233"}],"wp:attachment":[{"href":"https:\/\/businesstechnologyteam.com\/index.php\/wp-json\/wp\/v2\/media?parent=209"}],"wp:term":[{"taxonomy":"product_cat","embeddable":true,"href":"https:\/\/businesstechnologyteam.com\/index.php\/wp-json\/wp\/v2\/product_cat?post=209"},{"taxonomy":"product_tag","embeddable":true,"href":"https:\/\/businesstechnologyteam.com\/index.php\/wp-json\/wp\/v2\/product_tag?post=209"}],"curies":[{"name":"wp","href":"https:\/\/api.w.org\/{rel}","templated":true}]}}